{"id":8694,"date":"2023-09-21T16:28:32","date_gmt":"2023-09-21T14:28:32","guid":{"rendered":"https:\/\/studentradion.se\/?post_type=project&#038;p=8694"},"modified":"2023-09-21T16:28:32","modified_gmt":"2023-09-21T14:28:32","slug":"back-to-radio","status":"publish","type":"project","link":"https:\/\/studentradion.se\/en_gb\/project\/back-to-radio\/","title":{"rendered":"Back to radio"},"content":{"rendered":"<p><span style=\"font-size: 12pt;\">Vi \u00e4r n\u00e5gra veckor in i h\u00f6stterminen och redan nu har m\u00e5nga av v\u00e5ra medlemsstationer kommit ig\u00e5ng med radios\u00e4ndningar, podcasts och aktiviteter. <strong>Vi p\u00e5 Studentradion i Sverige vill h\u00e4lsa alla nya och \u00e5terv\u00e4ndande medlemmar v\u00e4lkomna till en termin i studentradions tecken!<\/strong> Vi hoppas s\u00e5 klart lite extra p\u00e5 att f\u00e5 tr\u00e4ffa er p\u00e5 v\u00e5ra ambassad\u00f6rsm\u00f6ten, storm\u00f6tet i Lund eller n\u00e5gon av Nordljuds aktiviteter.<\/span><\/p>\n<p><span style=\"font-size: 12pt;\">Har du ramlat in p\u00e5 v\u00e5r hemsida f\u00f6r att du s\u00f6ker p\u00e5 &#8221;studentradio&#8221;? \u00c4r du kanske intresserad av att sj\u00e4lv b\u00f6rja s\u00e4nda studentradio? D\u00e5 hittar du alla v\u00e5ra medlemsstationer h\u00e4r: <a href=\"https:\/\/studentradion.se\/en_gb\/medlemsstationer\/\" target=\"_blank\" rel=\"noopener\">Member stations<\/a><\/span><br \/>\n<span style=\"font-size: 12pt;\">Eller jobbar du kanske med att promota en artist och vill n\u00e5 ut till alla musikredaktioner p\u00e5 v\u00e5ra medlemsstationer? D\u00e5 mailar du till: musik(at)studentradion.se s\u00e5 skickas ditt mail automatiskt till alla musikredakt\u00f6rer.<\/span><\/p>\n<p><span style=\"font-size: 12pt;\">S\u00e5 koppla in h\u00f6rlurarna, justera mikrofonen och t\u00e4nd &#8221;On Air&#8221;-skylten &#8211; f\u00f6r nu blir det radio av!<\/span><\/p>","protected":false},"excerpt":{"rendered":"<p>Vi \u00e4r n\u00e5gra veckor in i h\u00f6stterminen och redan nu har m\u00e5nga av v\u00e5ra medlemsstationer kommit ig\u00e5ng med radios\u00e4ndningar, podcasts och aktiviteter. Vi p\u00e5 Studentradion i Sverige vill h\u00e4lsa alla nya och \u00e5terv\u00e4ndande medlemmar v\u00e4lkomna till en termin i studentradions tecken! Vi hoppas s\u00e5 klart lite extra p\u00e5 att f\u00e5 tr\u00e4ffa er p\u00e5 v\u00e5ra ambassad\u00f6rsm\u00f6ten, [&hellip;]<\/p>\n","protected":false},"author":32,"featured_media":8692,"comment_status":"closed","ping_status":"closed","template":"","meta":{"_et_pb_use_builder":"","_et_pb_old_content":"","_et_gb_content_width":"","footnotes":""},"project_category":[30],"project_tag":[],"class_list":["post-8694","project","type-project","status-publish","has-post-thumbnail","hentry","project_category-nyheter"],"_links":{"self":[{"href":"https:\/\/studentradion.se\/en_gb\/wp-json\/wp\/v2\/project\/8694","targetHints":{"allow":["GET"]}}],"collection":[{"href":"https:\/\/studentradion.se\/en_gb\/wp-json\/wp\/v2\/project"}],"about":[{"href":"https:\/\/studentradion.se\/en_gb\/wp-json\/wp\/v2\/types\/project"}],"author":[{"embeddable":true,"href":"https:\/\/studentradion.se\/en_gb\/wp-json\/wp\/v2\/users\/32"}],"replies":[{"embeddable":true,"href":"https:\/\/studentradion.se\/en_gb\/wp-json\/wp\/v2\/comments?post=8694"}],"version-history":[{"count":1,"href":"https:\/\/studentradion.se\/en_gb\/wp-json\/wp\/v2\/project\/8694\/revisions"}],"predecessor-version":[{"id":8695,"href":"https:\/\/studentradion.se\/en_gb\/wp-json\/wp\/v2\/project\/8694\/revisions\/8695"}],"wp:featuredmedia":[{"embeddable":true,"href":"https:\/\/studentradion.se\/en_gb\/wp-json\/wp\/v2\/media\/8692"}],"wp:attachment":[{"href":"https:\/\/studentradion.se\/en_gb\/wp-json\/wp\/v2\/media?parent=8694"}],"wp:term":[{"taxonomy":"project_category","embeddable":true,"href":"https:\/\/studentradion.se\/en_gb\/wp-json\/wp\/v2\/project_category?post=8694"},{"taxonomy":"project_tag","embeddable":true,"href":"https:\/\/studentradion.se\/en_gb\/wp-json\/wp\/v2\/project_tag?post=8694"}],"curies":[{"name":"wp","href":"https:\/\/api.w.org\/{rel}","templated":true}]}}

<p><span style="font-size: 12pt;">Vi är några veckor in i höstterminen och redan nu har många av våra medlemsstationer kommit igång med radiosändningar, podcasts och aktiviteter. <strong>Vi på Studentradion i Sverige vill hälsa alla nya och återvändande medlemmar välkomna till en termin i studentradions tecken!</strong> Vi hoppas så klart lite extra på att få träffa er på våra ambassadörsmöten, stormötet i Lund eller någon av Nordljuds aktiviteter.</span></p>
<p><span style="font-size: 12pt;">Har du ramlat in på vår hemsida för att du söker på &#8221;studentradio&#8221;? Är du kanske intresserad av att själv börja sända studentradio? Då hittar du alla våra medlemsstationer här: <a href="https://studentradion.se/en_gb/medlemsstationer/" target="_blank" rel="noopener">Member stations</a></span><br />
<span style="font-size: 12pt;">Eller jobbar du kanske med att promota en artist och vill nå ut till alla musikredaktioner på våra medlemsstationer? Då mailar du till: musik(at)studentradion.se så skickas ditt mail automatiskt till alla musikredaktörer.</span></p>
<p><span style="font-size: 12pt;">Så koppla in hörlurarna, justera mikrofonen och tänd &#8221;On Air&#8221;-skylten &#8211; för nu blir det radio av!</span></p>

<p>Vi är några veckor in i höstterminen och redan nu har många av våra medlemsstationer kommit igång med radiosändningar, podcasts och aktiviteter. Vi på Studentradion i Sverige vill hälsa alla nya och återvändande medlemmar välkomna till en termin i studentradions tecken! Vi hoppas så klart lite extra på att få träffa er på våra ambassadörsmöten, [&hellip;]</p>
