{"id":7871,"date":"2021-12-23T13:19:17","date_gmt":"2021-12-23T12:19:17","guid":{"rendered":"https:\/\/studentradion.se\/?post_type=project&#038;p=7871"},"modified":"2021-12-23T13:19:57","modified_gmt":"2021-12-23T12:19:57","slug":"god-jul-och-gott-nytt-ar","status":"publish","type":"project","link":"https:\/\/studentradion.se\/en_gb\/project\/god-jul-och-gott-nytt-ar\/","title":{"rendered":"God Jul och Gott Nytt \u00c5r!"},"content":{"rendered":"<div class=\"kvgmc6g5 cxmmr5t8 oygrvhab hcukyx3x c1et5uql ii04i59q\">\n<div dir=\"auto\"><span style=\"font-size: 12pt;\"><strong>God Jul och Gott Nytt \u00c5r<\/strong> fr\u00e5n oss p\u00e5 Studentradion i Sverige! Hoppas att ni alla f\u00e5r n\u00e5gra riktigt lugna och fina dagar nu i slutet av \u00e5ret! <span class=\"pq6dq46d tbxw36s4 knj5qynh kvgmc6g5 ditlmg2l oygrvhab nvdbi5me sf5mxxl7 gl3lb2sf hhz5lgdu\"><img decoding=\"async\" data-src=\"https:\/\/static.xx.fbcdn.net\/images\/emoji.php\/v9\/t60\/1.5\/16\/1f384.png\" alt=\"\ud83c\udf84\" width=\"16\" height=\"16\" src=\"data:image\/svg+xml;base64,PHN2ZyB3aWR0aD0iMSIgaGVpZ2h0PSIxIiB4bWxucz0iaHR0cDovL3d3dy53My5vcmcvMjAwMC9zdmciPjwvc3ZnPg==\" class=\"lazyload\" style=\"--smush-placeholder-width: 16px; --smush-placeholder-aspect-ratio: 16\/16;\" \/><\/span><\/span><\/div>\n<div dir=\"auto\"><\/div>\n<\/div>\n<div class=\"cxmmr5t8 oygrvhab hcukyx3x c1et5uql o9v6fnle ii04i59q\">\n<div dir=\"auto\"><span style=\"font-size: 12pt;\">Det pyssliga kansliet h\u00e4lsar att det g\u00e5r utm\u00e4rkt att n\u00e5 SRS via mail eller Slack i mellandagarna. D\u00e4remot kan det vara klurigare att f\u00e5 svar direkt om man ringer kanslitelefonen &#8211; d\u00e4r \u00e4r vi tillbaka tredje januari.<\/span><\/div>\n<div dir=\"auto\"><\/div>\n<\/div>\n<div class=\"cxmmr5t8 oygrvhab hcukyx3x c1et5uql o9v6fnle ii04i59q\">\n<div dir=\"auto\"><span style=\"font-size: 12pt;\">Nu laddar vi f\u00f6r ett fantastiskt nytt radio\u00e5r!<\/span><\/div>\n<\/div>","protected":false},"excerpt":{"rendered":"<p>God Jul och Gott Nytt \u00c5r fr\u00e5n oss p\u00e5 Studentradion i Sverige! Hoppas att ni alla f\u00e5r n\u00e5gra riktigt lugna och fina dagar nu i slutet av \u00e5ret! Det pyssliga kansliet h\u00e4lsar att det g\u00e5r utm\u00e4rkt att n\u00e5 SRS via mail eller Slack i mellandagarna. D\u00e4remot kan det vara klurigare att f\u00e5 svar direkt om [&hellip;]<\/p>\n","protected":false},"author":32,"featured_media":7870,"comment_status":"closed","ping_status":"closed","template":"","meta":{"_et_pb_use_builder":"","_et_pb_old_content":"","_et_gb_content_width":"","footnotes":""},"project_category":[30],"project_tag":[],"class_list":["post-7871","project","type-project","status-publish","has-post-thumbnail","hentry","project_category-nyheter"],"_links":{"self":[{"href":"https:\/\/studentradion.se\/en_gb\/wp-json\/wp\/v2\/project\/7871","targetHints":{"allow":["GET"]}}],"collection":[{"href":"https:\/\/studentradion.se\/en_gb\/wp-json\/wp\/v2\/project"}],"about":[{"href":"https:\/\/studentradion.se\/en_gb\/wp-json\/wp\/v2\/types\/project"}],"author":[{"embeddable":true,"href":"https:\/\/studentradion.se\/en_gb\/wp-json\/wp\/v2\/users\/32"}],"replies":[{"embeddable":true,"href":"https:\/\/studentradion.se\/en_gb\/wp-json\/wp\/v2\/comments?post=7871"}],"version-history":[{"count":2,"href":"https:\/\/studentradion.se\/en_gb\/wp-json\/wp\/v2\/project\/7871\/revisions"}],"predecessor-version":[{"id":7873,"href":"https:\/\/studentradion.se\/en_gb\/wp-json\/wp\/v2\/project\/7871\/revisions\/7873"}],"wp:featuredmedia":[{"embeddable":true,"href":"https:\/\/studentradion.se\/en_gb\/wp-json\/wp\/v2\/media\/7870"}],"wp:attachment":[{"href":"https:\/\/studentradion.se\/en_gb\/wp-json\/wp\/v2\/media?parent=7871"}],"wp:term":[{"taxonomy":"project_category","embeddable":true,"href":"https:\/\/studentradion.se\/en_gb\/wp-json\/wp\/v2\/project_category?post=7871"},{"taxonomy":"project_tag","embeddable":true,"href":"https:\/\/studentradion.se\/en_gb\/wp-json\/wp\/v2\/project_tag?post=7871"}],"curies":[{"name":"wp","href":"https:\/\/api.w.org\/{rel}","templated":true}]}}

God Jul och Gott Nytt År!

<div class="kvgmc6g5 cxmmr5t8 oygrvhab hcukyx3x c1et5uql ii04i59q">
<div dir="auto"><span style="font-size: 12pt;"><strong>God Jul och Gott Nytt År</strong> från oss på Studentradion i Sverige! Hoppas att ni alla får några riktigt lugna och fina dagar nu i slutet av året! <span class="pq6dq46d tbxw36s4 knj5qynh kvgmc6g5 ditlmg2l oygrvhab nvdbi5me sf5mxxl7 gl3lb2sf hhz5lgdu"><img decoding="async" data-src="https://static.xx.fbcdn.net/images/emoji.php/v9/t60/1.5/16/1f384.png" alt="🎄" width="16" height="16" src="data:image/svg+xml;base64,PHN2ZyB3aWR0aD0iMSIgaGVpZ2h0PSIxIiB4bWxucz0iaHR0cDovL3d3dy53My5vcmcvMjAwMC9zdmciPjwvc3ZnPg==" class="lazyload" style="--smush-placeholder-width: 16px; --smush-placeholder-aspect-ratio: 16/16;" /></span></span></div>
<div dir="auto"></div>
</div>
<div class="cxmmr5t8 oygrvhab hcukyx3x c1et5uql o9v6fnle ii04i59q">
<div dir="auto"><span style="font-size: 12pt;">Det pyssliga kansliet hälsar att det går utmärkt att nå SRS via mail eller Slack i mellandagarna. Däremot kan det vara klurigare att få svar direkt om man ringer kanslitelefonen &#8211; där är vi tillbaka tredje januari.</span></div>
<div dir="auto"></div>
</div>
<div class="cxmmr5t8 oygrvhab hcukyx3x c1et5uql o9v6fnle ii04i59q">
<div dir="auto"><span style="font-size: 12pt;">Nu laddar vi för ett fantastiskt nytt radioår!</span></div>
</div>

<p>God Jul och Gott Nytt År från oss på Studentradion i Sverige! Hoppas att ni alla får några riktigt lugna och fina dagar nu i slutet av året! Det pyssliga kansliet hälsar att det går utmärkt att nå SRS via mail eller Slack i mellandagarna. Däremot kan det vara klurigare att få svar direkt om [&hellip;]</p>
